k. Suppose 0 = -5*n - 15, -3*i + 5*n + 35 + 16 = 0. Calculate the highest common factor of i and g.
12
Let j be (-2512)/((-60)/24*(-4)/(-5)). Calculate the highest common divisor of j and 8.
8
Let q(m) = -7*m + 9*m + 22 - 3*m. Let i be q(8). What is the greatest common divisor of i and 98?
14
Suppose -6*g + g = 4*o + 7, 0 = -4*g - 2*o - 2. Let z be (2*g)/((-6)/(-12)). Let u be (2/z)/((-7)/(-112)). What is the greatest common factor of u and 8?
8
Let o be (318/5)/((-6)/(-10)). Calculate the greatest common factor of o and 265.
53
Suppose 2*b - 3*q = 7*b - 141, 5*q + 45 = b. What is the highest common divisor of b and 5?
5
Suppose -208 = -6*j + 68. Suppose -b + 185 = 70. Calculate the greatest common factor of j and b.
23
Let m = -8 - -35. Suppose 2*j = 5*j - m. Calculate the greatest common factor of j and 45.
9
Suppose -2*x - 3 = -1, x - 259 = -5*n. Calculate the highest common factor of n and 13.
13
Let k(z) = -17*z + 5. Let m = -18 - -29. Let u = -1 - m. Let r be k(u). Calculate the greatest common factor of 19 and r.
19
Let i(n) = 7*n**2 - 6*n + 7. Let c be i(1). What is the greatest common divisor of c and 920?
8
Suppose -22*r + 16*r = -3672. Calculate the greatest common factor of 252 and r.
36
Let r = -232 - -234. What is the highest common divisor of 18 and r?
2
Let k(u) = -u**3 - 3*u**2 - 13*u + 5. Let v(m) = m**2 - m + 1. Let f(r) = -k(r) + 4*v(r). Let t be f(-5). Calculate the greatest common divisor of t and 28.
4
Let p = 2486 - 2458. What is the highest common divisor of 108 and p?
4
Suppose o = 3*s - 38, -5*s - 5*o = -8*s + 46. Suppose -5*d - 60 = -10*d. What is the highest common divisor of d and s?
12
Let i(b) = 23*b + 577. Let f be i(-19). What is the highest common factor of f and 7?
7
Suppose -43*v + 42*v = -4. Suppose -r = -6*r + p + 9, -v*r + 5*p + 24 = 0. What is the greatest common divisor of r and 11?
1
Let i = -46 + 294. Calculate the greatest common divisor of 310 and i.
62
Let l(s) = 2*s**2 - 5*s - 8. Suppose 12 = -4*d + 4. Let i be l(d). What is the highest common divisor of i and 2?
2
Let l be (-7385)/(-14) - 2/4. Suppose -3*c + l = -433. What is the greatest common factor of c and 40?
40
Let t be (10/3)/(6/324). Let i be (-3)/(-7) - t/(-21). Calculate the highest common divisor of i and 99.
9
Suppose -3*d + 2*j + 141 = 5*j, -2*d - j + 92 = 0. Calculate the greatest common divisor of d and 27.
9
Let f(o) be the second derivative of o**4/12 + 11*o**2/2 - o. Let v be f(0). Suppose -6*g + v*g = 40. What is the highest common divisor of 88 and g?
8
Let o = 269 + 190. What is the greatest common divisor of 17 and o?
17
Let w = 273 - 81. What is the highest common factor of w and 36?
12
Let j be (-9)/(-27)*-1*-108. What is the greatest common divisor of 132 and j?
12
Let x = -40 + 640. Calculate the greatest common factor of 75 and x.
75
Let k(v) = 6*v - 2. Let a be k(1). Suppose -5*x + a*z = -480, z = -0*x + 4*x - 395. Let l = 22 + -2. Calculate the highest common factor of l and x.
20
Let s(j) = -19*j - 1. Let q be s(-2). Suppose -4*d + 3*d - 4*l = -37, 0 = 5*d + 3*l - 185. What is the greatest common factor of d and q?
37
Suppose -5*n + 1900 = 5*k, -2*k - 2*n + 5*n = -750. Calculate the highest common factor of k and 42.
42
Let a(l) = -l**3 + 22*l**2 - 56*l - 17. Let p be a(19). Suppose -f + 1 = -7. Calculate the greatest common factor of p and f.
2
Let t(l) = l**2 + 27*l - 109. Let m be t(-31). Calculate the highest common factor of m and 35.
5
Suppose -o + 34 = 4*i, -4*i + 18*o + 38 = 21*o. Suppose 0 = -0*d - 5*d + 30. Let b = d + i. Calculate the greatest common factor of 7 and b.
7
Let q(d) = 5*d**2 - 5. Let n be q(5). Let g = 23 - -7. Calculate the greatest common factor of n and g.
30
Suppose 4*t + 2*y = -738, y + 223 + 332 = -3*t. Let h be 12/18*t/(-4). Suppose -5*v + h + 369 = 0. Calculate the greatest common divisor of v and 10.
10
Let a(t) = -6*t + 2. Suppose 0 = -3*q + w - 4, -3*w + 2*w = -5*q - 10. Let f be a(q). Calculate the highest common divisor of 60 and f.
20
Let y = 409 + -401. Calculate the highest common factor of y and 568.
8
Let c = 140 + -23. Calculate the highest common divisor of c and 78.
39
Suppose -4*b - 3*c = -2*c - 581, -4*c = -5*b + 700. Let h = 401 + -385. What is the greatest common factor of h and b?
16
Let b = -16 - -19. Suppose -5*m = 2*j - 37 - 18, b*j = 3*m + 51. What is the highest common divisor of 10 and j?
10
Suppose 2*r + 0*d - 9 = 3*d, 5*r + 5*d = 35. Calculate the highest common factor of r and 174.
6
Let v(t) = 12*t**2 + 29*t + 24. Let l(p) = -3*p**2 - 7*p - 6. Let d(h) = -9*l(h) - 2*v(h). Let q be d(-2). Calculate the highest common factor of 72 and q.
8
Let d = 107 + -97. Let n be 2 - (1 + -1 + -8). What is the greatest common divisor of n and d?
10
Let l = 48 + -21. Let i(v) = 2*v + 1. Let d be i(1). Suppose -446 - 277 = -3*o - 2*k, 4*o - 963 = -d*k. What is the greatest common divisor of l and o?
27
Suppose -1701 = -3*m - 5*i, 0 = 28*i - 27*i. Calculate the highest common divisor of m and 7.
7
Suppose 2*l - 24 = 4*l. Let f be -6*(l/4 - 2). Suppose -4 = q - f. What is the highest common factor of 286 and q?
26
Let c(y) be the third derivative of y**5/60 - 7*y**4/24 + 7*y**3/6 + 11*y**2. Let n be c(10). What is the highest common divisor of n and 37?
37
Let x be (-50)/(-1*(10 + -8)). Let q be 1 - -21 - (-3)/1. Calculate the greatest common factor of x and q.
25
Let m be 3 + (37 - (-54)/(-9)). What is the greatest common factor of m and 425?
17
Let v(a) be the first derivative of 2*a**3/3 - 3*a**2/2 - 2*a + 2. Let f be v(-2). Calculate the highest common factor of 132 and f.
12
Let g = 322 + -222. Calculate the highest common factor of 30 and g.
10
Let x = 7 + 11. Let a be (-4)/((-22)/x + 1). Let n = 11 - -187. Calculate the greatest common divisor of n and a.
18
Let s = -2086 - -2162. Calculate the greatest common divisor of 60 and s.
4
Let c be 4 + (-1 - (-1)/1). Suppose 0 = -35*u + 198 - 58. Calculate the greatest common factor of c and u.
4
Let l(a) = -6*a + a - 2 + 0 - 3*a. Let b be l(-5). Let y = 83 - 26. What is the highest common factor of b and y?
19
Suppose 0 = -a + 5*j + 24, 22 = 2*a - 4*j - 14. Let u(n) = -n**3 - 7*n**2 - 10*n. Let v be u(-7). What is the greatest common divisor of v and a?
14
Let i(d) = 7*d - 89. Let f be i(23). Calculate the highest common divisor of f and 120.
24
Let l = 224 - 188. What is the greatest common divisor of l and 18?
18
Suppose -2*g = -38 + 88. Let d = 21 + g. Let z be (d/(-4))/1*104. What is the greatest common factor of 13 and z?
13
Let v(m) = 11*m - 3. Let q be (-9 - 5)*(-1)/2. Let o be v(q). Suppose -k = 5*i - 380, -o = 3*i + 3*k - 314. What is the highest common divisor of i and 25?
25
Suppose -12*q + 820 + 2000 = 0. Calculate the highest common divisor of q and 25.
5
Suppose 12 = k - 41*s + 46*s, 6 = -s. Let q be 2/(-7) - 100/(-7). Calculate the highest common factor of q and k.
14
Suppose 5*i - 35 = 75. Suppose i = 3*f + 2*w, 0 = 2*f - 3*w - 24 - 8. What is the highest common divisor of f and 25?
5
Let o be 26/(-4)*-2 + (1 - -3). What is the greatest common divisor of 2567 and o?
17
Let b(l) = -57*l - 2. Let v be b(-3). Suppose -68 = -9*o + 49. What is the highest common factor of o and v?
13
Let y(j) = -118*j - 680. Let q be y(-17). What is the greatest common factor of 153 and q?
51
Let r = 7 - 2. Suppose 4*o + r*t = -65, 3*t + 81 = -5*o + 16. Let m be ((-198)/o)/(5/25). What is the greatest common divisor of 11 and m?
11
Suppose -148 = -4*v - 28. Let t(l) = l**3 - 8*l**2 + 8*l + 3. Suppose 5*s = s + 28. Let f be t(s). What is the greatest common divisor of v and f?
10
Let q(t) = -t**3 - 6*t**2 + 23*t + 94. Let m be q(-9). What is the greatest common divisor of 195 and m?
65
Let t(f) = f**3 - f**2 + f. Let o be t(0). Let q(a) = a + 11. Let p be q(o). Let g = -73 - -139. Calculate the greatest common factor of g and p.
11
Suppose -5 + 85 = -2*x. Let a be -12*(x/(-12) + -4). What is the highest common divisor of 56 and a?
8
Suppose 46 = 2*o - 3*w, 4*o + w - 111 = -19. Calculate the greatest common factor of 92 and o.
23
Let o(m) = 11 - m + 10 + 0. Let i be o(0). Suppose 3*v - q - 51 = 0, -3*v + v + 5*q + i = 0. What is the highest common divisor of 27 and v?
9
Let s(p) = p**2 - 4*p + 5. Let z be s(3). Suppose 0 = -3